{"id":28,"date":"2021-07-20T16:10:34","date_gmt":"2021-07-20T14:10:34","guid":{"rendered":"http:\/\/lucie.rain-avocat.com\/?page_id=28"},"modified":"2024-09-27T17:38:03","modified_gmt":"2024-09-27T15:38:03","slug":"droit-penal","status":"publish","type":"page","link":"https:\/\/lucie.rain-avocat.com\/index.php\/droit-penal\/","title":{"rendered":"Droit p\u00e9nal"},"content":{"rendered":"<p>[et_pb_section fb_built=\u00a0\u00bb1&Prime; fullwidth=\u00a0\u00bbon\u00a0\u00bb next_background_color=\u00a0\u00bb#ffffff\u00a0\u00bb _builder_version=\u00a0\u00bb4.9.3&Prime; _module_preset=\u00a0\u00bbdefault\u00a0\u00bb use_background_color_gradient=\u00a0\u00bbon\u00a0\u00bb background_color_gradient_start=\u00a0\u00bb#36005a\u00a0\u00bb background_color_gradient_end=\u00a0\u00bbrgba(54,0,90,0.5)\u00a0\u00bb background_color_gradient_direction=\u00a0\u00bb156deg\u00a0\u00bb background_color_gradient_start_position=\u00a0\u00bb29%\u00a0\u00bb background_color_gradient_overlays_image=\u00a0\u00bbon\u00a0\u00bb background_image=\u00a0\u00bbhttp:\/\/lucie.rain-avocat.com\/wp-content\/uploads\/2021\/07\/Marteau-Justice-1.jpg\u00a0\u00bb min_height=\u00a0\u00bb87vh\u00a0\u00bb custom_padding=\u00a0\u00bb||0px|||\u00a0\u00bb bottom_divider_style=\u00a0\u00bbslant\u00a0\u00bb bottom_divider_height=\u00a0\u00bb42px\u00a0\u00bb][et_pb_fullwidth_header title=\u00a0\u00bbDroit p\u00e9nal\u00a0\u00bb button_one_text=\u00a0\u00bbPrendre un rdv t\u00e9l\u00e9phonique\u00a0\u00bb button_one_url=\u00a0\u00bbhttps:\/\/calendly.com\/lucie-rain-avocate\/15min\u00a0\u00bb _builder_version=\u00a0\u00bb4.9.7&Prime; _module_preset=\u00a0\u00bbdefault\u00a0\u00bb title_level=\u00a0\u00bbh2&Prime; title_font=\u00a0\u00bbPoppins|600|||||||\u00a0\u00bb title_text_color=\u00a0\u00bb#ffb600&Prime; title_font_size=\u00a0\u00bb55px\u00a0\u00bb content_font=\u00a0\u00bbPoppins|300|||||||\u00a0\u00bb content_font_size=\u00a0\u00bb20px\u00a0\u00bb content_line_height=\u00a0\u00bb4.3em\u00a0\u00bb subhead_font=\u00a0\u00bbPoppins||||||||\u00a0\u00bb subhead_text_color=\u00a0\u00bb#ecb011&Prime; subhead_font_size=\u00a0\u00bb31px\u00a0\u00bb background_enable_color=\u00a0\u00bboff\u00a0\u00bb background_color_gradient_direction=\u00a0\u00bb98deg\u00a0\u00bb background_enable_image=\u00a0\u00bboff\u00a0\u00bb custom_button_one=\u00a0\u00bbon\u00a0\u00bb button_one_text_size=\u00a0\u00bb15px\u00a0\u00bb button_one_bg_color=\u00a0\u00bbrgba(183,183,183,0)\u00a0\u00bb button_one_border_width=\u00a0\u00bb4px\u00a0\u00bb button_one_border_color=\u00a0\u00bb#ffb600&Prime; button_one_border_radius=\u00a0\u00bb7px\u00a0\u00bb button_one_letter_spacing=\u00a0\u00bb0px\u00a0\u00bb button_one_font=\u00a0\u00bbPoppins||||||||\u00a0\u00bb button_one_custom_margin=\u00a0\u00bb10px||||false|false\u00a0\u00bb button_one_custom_padding=\u00a0\u00bb10px||10px||true|true\u00a0\u00bb min_height=\u00a0\u00bb60vh\u00a0\u00bb custom_margin=\u00a0\u00bb||||false|false\u00a0\u00bb custom_padding=\u00a0\u00bb100px||0px||false|false\u00a0\u00bb hover_enabled=\u00a0\u00bb0&Prime; content_line_height_tablet=\u00a0\u00bb\u00a0\u00bb content_line_height_phone=\u00a0\u00bb1.8em\u00a0\u00bb content_line_height_last_edited=\u00a0\u00bbon|phone\u00a0\u00bb box_shadow_style_button_one=\u00a0\u00bbpreset2&Prime; sticky_enabled=\u00a0\u00bb0&Prime;]<\/p>\n<p><strong>Disponible<\/strong>, <strong>dynamique<\/strong>, <strong>r\u00e9active<\/strong> et <strong>\u00e0 l\u2019\u00e9coute<\/strong> des besoins de ses client\u00b7e\u00b7s<\/p>\n<p>[\/et_pb_fullwidth_header][\/et_pb_section][et_pb_section fb_built=\u00a0\u00bb1&Prime; _builder_version=\u00a0\u00bb4.9.3&Prime; _module_preset=\u00a0\u00bbdefault\u00a0\u00bb custom_padding=\u00a0\u00bb4px|||||\u00a0\u00bb][et_pb_row _builder_version=\u00a0\u00bb4.9.3&Prime; _module_preset=\u00a0\u00bbdefault\u00a0\u00bb custom_margin=\u00a0\u00bb38px|auto||auto||\u00a0\u00bb scroll_fade_enable=\u00a0\u00bbon\u00a0\u00bb][et_pb_column type=\u00a0\u00bb4_4&Prime; _builder_version=\u00a0\u00bb4.9.3&Prime; _module_preset=\u00a0\u00bbdefault\u00a0\u00bb][et_pb_text _builder_version=\u00a0\u00bb4.9.7&Prime; _module_preset=\u00a0\u00bbdefault\u00a0\u00bb text_font=\u00a0\u00bbPoppins||on||||||\u00a0\u00bb text_font_size=\u00a0\u00bb17px\u00a0\u00bb text_letter_spacing=\u00a0\u00bb1px\u00a0\u00bb text_orientation=\u00a0\u00bbcenter\u00a0\u00bb hover_enabled=\u00a0\u00bb0&Prime; sticky_enabled=\u00a0\u00bb0&Prime;]<\/p>\n<p>Lucie RAIN est disponible pour r\u00e9pondre aux besoins de ses client.es \u00e0 tous les stades de la proc\u00e9dure p\u00e9nale.<\/p>\n<p>Elle assiste tant les auteurs pr\u00e9sum\u00e9s que les victimes.<\/p>\n<p>[\/et_pb_text][et_pb_divider color=\u00a0\u00bb#FFB600&Prime; _builder_version=\u00a0\u00bb4.9.3&Prime; _module_preset=\u00a0\u00bbdefault\u00a0\u00bb width=\u00a0\u00bb36%\u00a0\u00bb module_alignment=\u00a0\u00bbcenter\u00a0\u00bb][\/et_pb_divider][\/et_pb_column][\/et_pb_row][\/et_pb_section][et_pb_section fb_built=\u00a0\u00bb1&Prime; admin_label=\u00a0\u00bbQuote Section\u00a0\u00bb _builder_version=\u00a0\u00bb4.9.3&Prime; background_enable_color=\u00a0\u00bboff\u00a0\u00bb custom_padding=\u00a0\u00bb20px|0px|58px|0px||\u00a0\u00bb top_divider_height=\u00a0\u00bb42px\u00a0\u00bb border_color_all=\u00a0\u00bbrgba(255,186,96,0.6)\u00a0\u00bb border_width_right=\u00a0\u00bb0vw\u00a0\u00bb border_color_right=\u00a0\u00bb#ecb011&Prime;][et_pb_row column_structure=\u00a0\u00bb3_5,2_5&Prime; admin_label=\u00a0\u00bbQuote Area\u00a0\u00bb _builder_version=\u00a0\u00bb3.25&Prime; animation_style=\u00a0\u00bbslide\u00a0\u00bb animation_direction=\u00a0\u00bbright\u00a0\u00bb animation_intensity_slide=\u00a0\u00bb2%\u00a0\u00bb][et_pb_column type=\u00a0\u00bb3_5&Prime; _builder_version=\u00a0\u00bb3.25&Prime; custom_padding=\u00a0\u00bb|||\u00a0\u00bb custom_padding__hover=\u00a0\u00bb|||\u00a0\u00bb][et_pb_text _builder_version=\u00a0\u00bb4.9.7&Prime; text_font=\u00a0\u00bbPoppins|300|||||||\u00a0\u00bb text_text_color=\u00a0\u00bb#36005a\u00a0\u00bb text_font_size=\u00a0\u00bb18px\u00a0\u00bb text_letter_spacing=\u00a0\u00bb1px\u00a0\u00bb header_font=\u00a0\u00bb||||||||\u00a0\u00bb max_width=\u00a0\u00bb700px\u00a0\u00bb module_alignment=\u00a0\u00bbcenter\u00a0\u00bb custom_margin=\u00a0\u00bb|||\u00a0\u00bb custom_padding=\u00a0\u00bb|||30px\u00a0\u00bb animation_style=\u00a0\u00bbflip\u00a0\u00bb animation_intensity_flip=\u00a0\u00bb5%\u00a0\u00bb animation_starting_opacity=\u00a0\u00bb100%\u00a0\u00bb hover_enabled=\u00a0\u00bb0&Prime; border_color_all=\u00a0\u00bb#313e47&Prime; border_width_left=\u00a0\u00bb10px\u00a0\u00bb border_color_left=\u00a0\u00bb#ECB011&Prime; sticky_enabled=\u00a0\u00bb0&Prime;]<\/p>\n<p>L\u2019avocat\u00b7e est essentiel\u00b7le \u00e0 ce stade de la proc\u00e9dure en tant que soutien juridique. En effet, la plainte est le socle qui permet l\u2019enclenchement de toute la proc\u00e9dure p\u00e9nale. La plainte doit \u00eatre circonstanci\u00e9e pour \u00eatre pleinement efficace. Mais le r\u00f4le de l\u2019 avocat\u00b7e ne s\u2019arr\u00eate pas l\u00e0, c\u2019est \u00e9galement un soutien \u00e9motionnel tr\u00e8s utile.<\/p>\n<p>&nbsp;<\/p>\n<ul>\n<li>Pr\u00e9paration du dossier de plainte avec la victime : La pr\u00e9paration de la plainte avec l\u2019avocat\u00b7e va permettre \u00e0 la victime de rassembler les preuves et de mettre en lumi\u00e8re les \u00e9l\u00e9ments importants permettant au Procureur de la R\u00e9publique de qualifier l\u2019infraction.<\/li>\n<\/ul>\n<p>&nbsp;<\/p>\n<ul>\n<li>Assistance lors du d\u00e9p\u00f4t de plainte : L\u2019avocat\u00b7e accompagne la victime lors du d\u00e9p\u00f4t de plainte au commissariat, qui repr\u00e9sente un moment qui peut \u00eatre \u00e9prouvant pour cette derni\u00e8re.<\/li>\n<\/ul>\n<p>&nbsp;<\/p>\n<ul>\n<li>Suivi de la plainte : L\u2019avocat\u00b7e a \u00e9galement le r\u00f4le de s\u2019assurer de l\u2019avanc\u00e9e de l\u2019enqu\u00eate puis que la plainte est transmise au Minist\u00e8re Public et s\u2019informe r\u00e9guli\u00e8rement des suites qui sont donn\u00e9es.<\/li>\n<\/ul>\n<p>[\/et_pb_text][et_pb_text admin_label=\u00a0\u00bbAuthor Name\u00a0\u00bb _builder_version=\u00a0\u00bb4.9.3&Prime; text_font=\u00a0\u00bbPoppins|600||on|||||\u00a0\u00bb text_text_color=\u00a0\u00bb#ECB011&Prime; text_font_size=\u00a0\u00bb20px\u00a0\u00bb text_letter_spacing=\u00a0\u00bb4px\u00a0\u00bb header_font=\u00a0\u00bb||||||||\u00a0\u00bb header_4_font=\u00a0\u00bb||||||||\u00a0\u00bb max_width=\u00a0\u00bb700px\u00a0\u00bb module_alignment=\u00a0\u00bbcenter\u00a0\u00bb animation_style=\u00a0\u00bbslide\u00a0\u00bb animation_direction=\u00a0\u00bbbottom\u00a0\u00bb animation_intensity_slide=\u00a0\u00bb10%\u00a0\u00bb animation_starting_opacity=\u00a0\u00bb100%\u00a0\u00bb]<\/p>\n<p>&#8211; Lucie Rain<\/p>\n<p>[\/et_pb_text][\/et_pb_column][et_pb_column type=\u00a0\u00bb2_5&Prime; _builder_version=\u00a0\u00bb3.25&Prime; custom_padding=\u00a0\u00bb|||\u00a0\u00bb custom_padding__hover=\u00a0\u00bb|||\u00a0\u00bb][et_pb_image src=\u00a0\u00bbhttp:\/\/lucie.rain-avocat.com\/wp-content\/uploads\/2021\/07\/Balance-justice.jpeg\u00a0\u00bb alt=\u00a0\u00bbLucie Rain\u00a0\u00bb title_text=\u00a0\u00bbBalance justice\u00a0\u00bb _builder_version=\u00a0\u00bb4.9.3&Prime; _module_preset=\u00a0\u00bbdefault\u00a0\u00bb][\/et_pb_image][\/et_pb_column][\/et_pb_row][et_pb_row _builder_version=\u00a0\u00bb4.9.3&Prime; _module_preset=\u00a0\u00bbdefault\u00a0\u00bb][et_pb_column type=\u00a0\u00bb4_4&Prime; _builder_version=\u00a0\u00bb4.9.3&Prime; _module_preset=\u00a0\u00bbdefault\u00a0\u00bb][et_pb_accordion _builder_version=\u00a0\u00bb4.9.7&Prime; _module_preset=\u00a0\u00bbdefault\u00a0\u00bb hover_enabled=\u00a0\u00bb0&Prime; sticky_enabled=\u00a0\u00bb0&Prime;][et_pb_accordion_item title=\u00a0\u00bbL\u2019AUDITION LIBRE \u00a0\u00bb open=\u00a0\u00bboff\u00a0\u00bb open_toggle_text_color=\u00a0\u00bb#36005a\u00a0\u00bb open_toggle_background_color=\u00a0\u00bb#FFB600&Prime; _builder_version=\u00a0\u00bb4.9.3&Prime; _module_preset=\u00a0\u00bbdefault\u00a0\u00bb body_font=\u00a0\u00bbPoppins|300|||||||\u00a0\u00bb toggle_font=\u00a0\u00bbPoppins||||||||\u00a0\u00bb]<\/p>\n<p>de l\u2019auteur\u00b7e pr\u00e9sum\u00e9\u00b7e<\/p>\n<p>[\/et_pb_accordion_item][et_pb_accordion_item title=\u00a0\u00bbLA GARDE A VUE\u00a0\u00bb open_toggle_text_color=\u00a0\u00bb#36005a\u00a0\u00bb open_toggle_background_color=\u00a0\u00bb#FFB600&Prime; _builder_version=\u00a0\u00bb4.9.3&Prime; _module_preset=\u00a0\u00bbdefault\u00a0\u00bb body_font=\u00a0\u00bbPoppins|300|||||||\u00a0\u00bb toggle_font=\u00a0\u00bbPoppins||||||||\u00a0\u00bb open=\u00a0\u00bbon\u00a0\u00bb]<\/p>\n<ul>\n<li>Auditions de garde \u00e0 vue<\/li>\n<li>Confrontation entre l\u2019auteur\u00b7e pr\u00e9sum\u00e9\u00b7e et la victime<\/li>\n<\/ul>\n<p>[\/et_pb_accordion_item][et_pb_accordion_item title=\u00a0\u00bbLE DEFERREMENT DEVANT LE MINISTERE PUBLIC\u00a0\u00bb open_toggle_text_color=\u00a0\u00bb#36005a\u00a0\u00bb open_toggle_background_color=\u00a0\u00bb#FFB600&Prime; _builder_version=\u00a0\u00bb4.9.3&Prime; _module_preset=\u00a0\u00bbdefault\u00a0\u00bb body_font=\u00a0\u00bbPoppins|300|||||||\u00a0\u00bb toggle_font=\u00a0\u00bbPoppins||||||||\u00a0\u00bb open=\u00a0\u00bboff\u00a0\u00bb][\/et_pb_accordion_item][et_pb_accordion_item title=\u00a0\u00bbL\u2019INFORMATION JUDICIAIRE\u00a0\u00bb open_toggle_text_color=\u00a0\u00bb#36005a\u00a0\u00bb open_toggle_background_color=\u00a0\u00bb#FFB600&Prime; _builder_version=\u00a0\u00bb4.9.3&Prime; _module_preset=\u00a0\u00bbdefault\u00a0\u00bb body_font=\u00a0\u00bbPoppins|300|||||||\u00a0\u00bb toggle_font=\u00a0\u00bbPoppins||||||||\u00a0\u00bb open=\u00a0\u00bboff\u00a0\u00bb]<\/p>\n<ul>\n<li>Interrogatoire de premi\u00e8re comparution<\/li>\n<li>Suivi de l\u2019instruction du c\u00f4t\u00e9 du mis en examen, du t\u00e9moin assist\u00e9 et de la partie civile<\/li>\n<\/ul>\n<p>[\/et_pb_accordion_item][et_pb_accordion_item title=\u00a0\u00bbLA DETENTION PROVISOIRE\u00a0\u00bb open_toggle_text_color=\u00a0\u00bb#36005a\u00a0\u00bb open_toggle_background_color=\u00a0\u00bb#FFB600&Prime; _builder_version=\u00a0\u00bb4.9.3&Prime; _module_preset=\u00a0\u00bbdefault\u00a0\u00bb body_font=\u00a0\u00bbPoppins|300|||||||\u00a0\u00bb toggle_font=\u00a0\u00bbPoppins||||||||\u00a0\u00bb open=\u00a0\u00bboff\u00a0\u00bb]<\/p>\n<p>Les audiences devant le juge des libert\u00e9s et de la d\u00e9tention<\/p>\n<p>[\/et_pb_accordion_item][et_pb_accordion_item title=\u00a0\u00bbL\u2019AUDIENCE\u00a0\u00bb open_toggle_text_color=\u00a0\u00bb#36005a\u00a0\u00bb open_toggle_background_color=\u00a0\u00bb#FFB600&Prime; _builder_version=\u00a0\u00bb4.9.3&Prime; _module_preset=\u00a0\u00bbdefault\u00a0\u00bb body_font=\u00a0\u00bbPoppins|300|||||||\u00a0\u00bb toggle_font=\u00a0\u00bbPoppins||||||||\u00a0\u00bb open=\u00a0\u00bboff\u00a0\u00bb]<\/p>\n<ul>\n<li>Tribunal de police<\/li>\n<li>Tribunal correctionnel (comparution imm\u00e9diate et comparution diff\u00e9r\u00e9e)<\/li>\n<li>Cour d\u2019assises<\/li>\n<li>La partie civile<\/li>\n<\/ul>\n<p>[\/et_pb_accordion_item][et_pb_accordion_item title=\u00a0\u00bbFONDS DE GARANTIE DES VICTIMES ET INDEMNISATIONS\u00a0\u00bb open_toggle_text_color=\u00a0\u00bb#36005a\u00a0\u00bb open_toggle_background_color=\u00a0\u00bb#FFB600&Prime; _builder_version=\u00a0\u00bb4.9.3&Prime; _module_preset=\u00a0\u00bbdefault\u00a0\u00bb body_font=\u00a0\u00bbPoppins|300|||||||\u00a0\u00bb toggle_font=\u00a0\u00bbPoppins||||||||\u00a0\u00bb open=\u00a0\u00bboff\u00a0\u00bb]<\/p>\n<p>Proc\u00e9dures devant la CIVI, la SARVI\u2026<\/p>\n<p>[\/et_pb_accordion_item][et_pb_accordion_item title=\u00a0\u00bbL\u2019AMENAGEMENT DE PEINE\u00a0\u00bb open_toggle_text_color=\u00a0\u00bb#36005a\u00a0\u00bb open_toggle_background_color=\u00a0\u00bb#FFB600&Prime; _builder_version=\u00a0\u00bb4.9.3&Prime; _module_preset=\u00a0\u00bbdefault\u00a0\u00bb body_font=\u00a0\u00bbPoppins|300|||||||\u00a0\u00bb toggle_font=\u00a0\u00bbPoppins||||||||\u00a0\u00bb open=\u00a0\u00bboff\u00a0\u00bb]<\/p>\n<ul>\n<li>Le suivi des conditions de d\u00e9tentions<\/li>\n<li>Les audiences devant le juge d\u2019application des peines<\/li>\n<\/ul>\n<p>[\/et_pb_accordion_item][\/et_pb_accordion][\/et_pb_column][\/et_pb_row][\/et_pb_section][et_pb_section fb_built=\u00a0\u00bb1&Prime; prev_background_color=\u00a0\u00bb#ffffff\u00a0\u00bb admin_label=\u00a0\u00bbRequest Appoinment Section\u00a0\u00bb _builder_version=\u00a0\u00bb4.9.3&Prime; use_background_color_gradient=\u00a0\u00bbon\u00a0\u00bb background_color_gradient_start=\u00a0\u00bb#ffb600&Prime; background_color_gradient_end=\u00a0\u00bbrgba(255,182,0,0.64)\u00a0\u00bb background_color_gradient_overlays_image=\u00a0\u00bbon\u00a0\u00bb background_image=\u00a0\u00bbhttp:\/\/lucie.rain-avocat.com\/wp-content\/uploads\/2021\/07\/Femme-justice-1.jpg\u00a0\u00bb custom_padding=\u00a0\u00bb163px||0px|||\u00a0\u00bb top_divider_style=\u00a0\u00bbslant\u00a0\u00bb top_divider_height=\u00a0\u00bb42px\u00a0\u00bb][et_pb_row column_structure=\u00a0\u00bb1_2,1_2&Prime; make_equal=\u00a0\u00bbon\u00a0\u00bb _builder_version=\u00a0\u00bb4.9.3&Prime; _module_preset=\u00a0\u00bbdefault\u00a0\u00bb custom_padding=\u00a0\u00bb||93px|||\u00a0\u00bb][et_pb_column type=\u00a0\u00bb1_2&Prime; _builder_version=\u00a0\u00bb4.9.3&Prime; _module_preset=\u00a0\u00bbdefault\u00a0\u00bb][et_pb_image src=\u00a0\u00bbhttp:\/\/lucie.rain-avocat.com\/wp-content\/uploads\/2021\/07\/Lucie-Rain-avocate.png\u00a0\u00bb title_text=\u00a0\u00bbLucie Rain avocate\u00a0\u00bb _builder_version=\u00a0\u00bb4.9.3&Prime; _module_preset=\u00a0\u00bbdefault\u00a0\u00bb width=\u00a0\u00bb46%\u00a0\u00bb module_alignment=\u00a0\u00bbcenter\u00a0\u00bb animation_style=\u00a0\u00bbslide\u00a0\u00bb animation_direction=\u00a0\u00bbleft\u00a0\u00bb][\/et_pb_image][\/et_pb_column][et_pb_column type=\u00a0\u00bb1_2&Prime; _builder_version=\u00a0\u00bb4.9.3&Prime; _module_preset=\u00a0\u00bbdefault\u00a0\u00bb][et_pb_button button_url=\u00a0\u00bbhttps:\/\/calendly.com\/lucie-rain-avocate\/15min\u00a0\u00bb button_text=\u00a0\u00bbPrendre rendez-vous\u00a0\u00bb button_alignment=\u00a0\u00bbcenter\u00a0\u00bb _builder_version=\u00a0\u00bb4.9.7&Prime; _module_preset=\u00a0\u00bbdefault\u00a0\u00bb custom_button=\u00a0\u00bbon\u00a0\u00bb button_text_size=\u00a0\u00bb20px\u00a0\u00bb button_text_color=\u00a0\u00bb#FFFFFF\u00a0\u00bb button_bg_color=\u00a0\u00bb#36005A\u00a0\u00bb button_border_width=\u00a0\u00bb2px\u00a0\u00bb button_border_color=\u00a0\u00bb#ECB011&Prime; button_border_radius=\u00a0\u00bb6px\u00a0\u00bb button_font=\u00a0\u00bbPoppins||||||||\u00a0\u00bb custom_margin=\u00a0\u00bb21px|||||\u00a0\u00bb animation_style=\u00a0\u00bbslide\u00a0\u00bb animation_direction=\u00a0\u00bbright\u00a0\u00bb box_shadow_style=\u00a0\u00bbpreset3&Prime;][\/et_pb_button][\/et_pb_column][\/et_pb_row][\/et_pb_section]<\/p>\n","protected":false},"excerpt":{"rendered":"<p>[et_pb_section fb_built=\u00a0\u00bb1&Prime; fullwidth=\u00a0\u00bbon\u00a0\u00bb next_background_color=\u00a0\u00bb#ffffff\u00a0\u00bb _builder_version=\u00a0\u00bb4.9.3&Prime; _module_preset=\u00a0\u00bbdefault\u00a0\u00bb use_background_color_gradient=\u00a0\u00bbon\u00a0\u00bb background_color_gradient_start=\u00a0\u00bb#36005a\u00a0\u00bb background_color_gradient_end=\u00a0\u00bbrgba(54,0,90,0.5)\u00a0\u00bb background_color_gradient_direction=\u00a0\u00bb156deg\u00a0\u00bb background_color_gradient_start_position=\u00a0\u00bb29%\u00a0\u00bb background_color_gradient_overlays_image=\u00a0\u00bbon\u00a0\u00bb background_image=\u00a0\u00bbhttp:\/\/lucie.rain-avocat.com\/wp-content\/uploads\/2021\/07\/Marteau-Justice-1.jpg\u00a0\u00bb min_height=\u00a0\u00bb87vh\u00a0\u00bb custom_padding=\u00a0\u00bb||0px|||\u00a0\u00bb bottom_divider_style=\u00a0\u00bbslant\u00a0\u00bb bottom_divider_height=\u00a0\u00bb42px\u00a0\u00bb][et_pb_fullwidth_header title=\u00a0\u00bbDroit p\u00e9nal\u00a0\u00bb button_one_text=\u00a0\u00bbPrendre un rdv t\u00e9l\u00e9phonique\u00a0\u00bb button_one_url=\u00a0\u00bbhttps:\/\/calendly.com\/lucie-rain-avocate\/15min\u00a0\u00bb _builder_version=\u00a0\u00bb4.9.7&Prime; _module_preset=\u00a0\u00bbdefault\u00a0\u00bb title_level=\u00a0\u00bbh2&Prime; title_font=\u00a0\u00bbPoppins|600|||||||\u00a0\u00bb title_text_color=\u00a0\u00bb#ffb600&Prime; title_font_size=\u00a0\u00bb55px\u00a0\u00bb content_font=\u00a0\u00bbPoppins|300|||||||\u00a0\u00bb content_font_size=\u00a0\u00bb20px\u00a0\u00bb content_line_height=\u00a0\u00bb4.3em\u00a0\u00bb subhead_font=\u00a0\u00bbPoppins||||||||\u00a0\u00bb subhead_text_color=\u00a0\u00bb#ecb011&Prime; subhead_font_size=\u00a0\u00bb31px\u00a0\u00bb background_enable_color=\u00a0\u00bboff\u00a0\u00bb background_color_gradient_direction=\u00a0\u00bb98deg\u00a0\u00bb background_enable_image=\u00a0\u00bboff\u00a0\u00bb custom_button_one=\u00a0\u00bbon\u00a0\u00bb button_one_text_size=\u00a0\u00bb15px\u00a0\u00bb button_one_bg_color=\u00a0\u00bbrgba(183,183,183,0)\u00a0\u00bb button_one_border_width=\u00a0\u00bb4px\u00a0\u00bb button_one_border_color=\u00a0\u00bb#ffb600&Prime; button_one_border_radius=\u00a0\u00bb7px\u00a0\u00bb button_one_letter_spacing=\u00a0\u00bb0px\u00a0\u00bb button_one_font=\u00a0\u00bbPoppins||||||||\u00a0\u00bb button_one_custom_margin=\u00a0\u00bb10px||||false|false\u00a0\u00bb button_one_custom_padding=\u00a0\u00bb10px||10px||true|true\u00a0\u00bb min_height=\u00a0\u00bb60vh\u00a0\u00bb custom_margin=\u00a0\u00bb||||false|false\u00a0\u00bb custom_padding=\u00a0\u00bb100px||0px||false|false\u00a0\u00bb hover_enabled=\u00a0\u00bb0&Prime; content_line_height_tablet=\u00a0\u00bb\u00a0\u00bb content_line_height_phone=\u00a0\u00bb1.8em\u00a0\u00bb [&hellip;]<\/p>\n","protected":false},"author":1,"featured_media":0,"parent":0,"menu_order":0,"comment_status":"closed","ping_status":"closed","template":"","meta":{"_et_pb_use_builder":"on","_et_pb_old_content":"","_et_gb_content_width":""},"yoast_head":"<!-- This site is optimized with the Yoast SEO plugin v17.0 - https:\/\/yoast.com\/wordpress\/plugins\/seo\/ -->\n<title>Droit p\u00e9nal - Lucie Rain Avocate<\/title>\n<meta name=\"description\" content=\"Lucie Rain, avocate, vous accompagne tout le long de la proc\u00e9dure p\u00e9nale, que vous soyez victime ou en d\u00e9fense, du d\u00e9p\u00f4t de plainte \u00e0 l\u2019ex\u00e9cution du jugement.\" \/>\n<meta name=\"robots\" content=\"index, follow, max-snippet:-1, max-image-preview:large, max-video-preview:-1\" \/>\n<link rel=\"canonical\" href=\"https:\/\/lucie.rain-avocat.com\/index.php\/droit-penal\/\" \/>\n<meta property=\"og:locale\" content=\"fr_FR\" \/>\n<meta property=\"og:type\" content=\"article\" \/>\n<meta property=\"og:title\" content=\"Droit p\u00e9nal - Lucie Rain Avocate\" \/>\n<meta property=\"og:description\" content=\"Lucie Rain, avocate, vous accompagne tout le long de la proc\u00e9dure p\u00e9nale, que vous soyez victime ou en d\u00e9fense, du d\u00e9p\u00f4t de plainte \u00e0 l\u2019ex\u00e9cution du jugement.\" \/>\n<meta property=\"og:url\" content=\"https:\/\/lucie.rain-avocat.com\/index.php\/droit-penal\/\" \/>\n<meta property=\"og:site_name\" content=\"Lucie Rain Avocate\" \/>\n<meta property=\"article:modified_time\" content=\"2024-09-27T15:38:03+00:00\" \/>\n<meta name=\"twitter:card\" content=\"summary_large_image\" \/>\n<meta name=\"twitter:label1\" content=\"Dur\u00e9e de lecture est.\" \/>\n\t<meta name=\"twitter:data1\" content=\"3 minutes\" \/>\n<script type=\"application\/ld+json\" class=\"yoast-schema-graph\">{\"@context\":\"https:\/\/schema.org\",\"@graph\":[{\"@type\":\"WebSite\",\"@id\":\"https:\/\/lucie.rain-avocat.com\/#website\",\"url\":\"https:\/\/lucie.rain-avocat.com\/\",\"name\":\"Lucie Rain Avocate\",\"description\":\"Au barreau de Paris\",\"potentialAction\":[{\"@type\":\"SearchAction\",\"target\":{\"@type\":\"EntryPoint\",\"urlTemplate\":\"https:\/\/lucie.rain-avocat.com\/?s={search_term_string}\"},\"query-input\":\"required name=search_term_string\"}],\"inLanguage\":\"fr-FR\"},{\"@type\":\"WebPage\",\"@id\":\"https:\/\/lucie.rain-avocat.com\/index.php\/droit-penal\/#webpage\",\"url\":\"https:\/\/lucie.rain-avocat.com\/index.php\/droit-penal\/\",\"name\":\"Droit p\\u00e9nal - Lucie Rain Avocate\",\"isPartOf\":{\"@id\":\"https:\/\/lucie.rain-avocat.com\/#website\"},\"datePublished\":\"2021-07-20T14:10:34+00:00\",\"dateModified\":\"2024-09-27T15:38:03+00:00\",\"description\":\"Lucie Rain, avocate, vous accompagne tout le long de la proc\\u00e9dure p\\u00e9nale, que vous soyez victime ou en d\\u00e9fense, du d\\u00e9p\\u00f4t de plainte \\u00e0 l\\u2019ex\\u00e9cution du jugement.\",\"breadcrumb\":{\"@id\":\"https:\/\/lucie.rain-avocat.com\/index.php\/droit-penal\/#breadcrumb\"},\"inLanguage\":\"fr-FR\",\"potentialAction\":[{\"@type\":\"ReadAction\",\"target\":[\"https:\/\/lucie.rain-avocat.com\/index.php\/droit-penal\/\"]}]},{\"@type\":\"BreadcrumbList\",\"@id\":\"https:\/\/lucie.rain-avocat.com\/index.php\/droit-penal\/#breadcrumb\",\"itemListElement\":[{\"@type\":\"ListItem\",\"position\":1,\"name\":\"Accueil\",\"item\":\"https:\/\/lucie.rain-avocat.com\/\"},{\"@type\":\"ListItem\",\"position\":2,\"name\":\"Droit p\\u00e9nal\"}]}]}<\/script>\n<!-- \/ Yoast SEO plugin. -->","yoast_head_json":{"title":"Droit p\u00e9nal - Lucie Rain Avocate","description":"Lucie Rain, avocate, vous accompagne tout le long de la proc\u00e9dure p\u00e9nale, que vous soyez victime ou en d\u00e9fense, du d\u00e9p\u00f4t de plainte \u00e0 l\u2019ex\u00e9cution du jugement.","robots":{"index":"index","follow":"follow","max-snippet":"max-snippet:-1","max-image-preview":"max-image-preview:large","max-video-preview":"max-video-preview:-1"},"canonical":"https:\/\/lucie.rain-avocat.com\/index.php\/droit-penal\/","og_locale":"fr_FR","og_type":"article","og_title":"Droit p\u00e9nal - Lucie Rain Avocate","og_description":"Lucie Rain, avocate, vous accompagne tout le long de la proc\u00e9dure p\u00e9nale, que vous soyez victime ou en d\u00e9fense, du d\u00e9p\u00f4t de plainte \u00e0 l\u2019ex\u00e9cution du jugement.","og_url":"https:\/\/lucie.rain-avocat.com\/index.php\/droit-penal\/","og_site_name":"Lucie Rain Avocate","article_modified_time":"2024-09-27T15:38:03+00:00","twitter_card":"summary_large_image","twitter_misc":{"Dur\u00e9e de lecture est.":"3 minutes"},"schema":{"@context":"https:\/\/schema.org","@graph":[{"@type":"WebSite","@id":"https:\/\/lucie.rain-avocat.com\/#website","url":"https:\/\/lucie.rain-avocat.com\/","name":"Lucie Rain Avocate","description":"Au barreau de Paris","potentialAction":[{"@type":"SearchAction","target":{"@type":"EntryPoint","urlTemplate":"https:\/\/lucie.rain-avocat.com\/?s={search_term_string}"},"query-input":"required name=search_term_string"}],"inLanguage":"fr-FR"},{"@type":"WebPage","@id":"https:\/\/lucie.rain-avocat.com\/index.php\/droit-penal\/#webpage","url":"https:\/\/lucie.rain-avocat.com\/index.php\/droit-penal\/","name":"Droit p\u00e9nal - Lucie Rain Avocate","isPartOf":{"@id":"https:\/\/lucie.rain-avocat.com\/#website"},"datePublished":"2021-07-20T14:10:34+00:00","dateModified":"2024-09-27T15:38:03+00:00","description":"Lucie Rain, avocate, vous accompagne tout le long de la proc\u00e9dure p\u00e9nale, que vous soyez victime ou en d\u00e9fense, du d\u00e9p\u00f4t de plainte \u00e0 l\u2019ex\u00e9cution du jugement.","breadcrumb":{"@id":"https:\/\/lucie.rain-avocat.com\/index.php\/droit-penal\/#breadcrumb"},"inLanguage":"fr-FR","potentialAction":[{"@type":"ReadAction","target":["https:\/\/lucie.rain-avocat.com\/index.php\/droit-penal\/"]}]},{"@type":"BreadcrumbList","@id":"https:\/\/lucie.rain-avocat.com\/index.php\/droit-penal\/#breadcrumb","itemListElement":[{"@type":"ListItem","position":1,"name":"Accueil","item":"https:\/\/lucie.rain-avocat.com\/"},{"@type":"ListItem","position":2,"name":"Droit p\u00e9nal"}]}]}},"_links":{"self":[{"href":"https:\/\/lucie.rain-avocat.com\/index.php\/wp-json\/wp\/v2\/pages\/28"}],"collection":[{"href":"https:\/\/lucie.rain-avocat.com\/index.php\/wp-json\/wp\/v2\/pages"}],"about":[{"href":"https:\/\/lucie.rain-avocat.com\/index.php\/wp-json\/wp\/v2\/types\/page"}],"author":[{"embeddable":true,"href":"https:\/\/lucie.rain-avocat.com\/index.php\/wp-json\/wp\/v2\/users\/1"}],"replies":[{"embeddable":true,"href":"https:\/\/lucie.rain-avocat.com\/index.php\/wp-json\/wp\/v2\/comments?post=28"}],"version-history":[{"count":9,"href":"https:\/\/lucie.rain-avocat.com\/index.php\/wp-json\/wp\/v2\/pages\/28\/revisions"}],"predecessor-version":[{"id":178,"href":"https:\/\/lucie.rain-avocat.com\/index.php\/wp-json\/wp\/v2\/pages\/28\/revisions\/178"}],"wp:attachment":[{"href":"https:\/\/lucie.rain-avocat.com\/index.php\/wp-json\/wp\/v2\/media?parent=28"}],"curies":[{"name":"wp","href":"https:\/\/api.w.org\/{rel}","templated":true}]}}