{"id":19,"date":"2021-07-20T16:09:04","date_gmt":"2021-07-20T14:09:04","guid":{"rendered":"http:\/\/lucie.rain-avocat.com\/?page_id=19"},"modified":"2024-09-27T17:41:15","modified_gmt":"2024-09-27T15:41:15","slug":"droit-commercial","status":"publish","type":"page","link":"https:\/\/lucie.rain-avocat.com\/index.php\/droit-commercial\/","title":{"rendered":"Droit commercial"},"content":{"rendered":"<p>[et_pb_section fb_built=\u00a0\u00bb1&Prime; fullwidth=\u00a0\u00bbon\u00a0\u00bb next_background_color=\u00a0\u00bb#ffffff\u00a0\u00bb _builder_version=\u00a0\u00bb4.9.3&Prime; _module_preset=\u00a0\u00bbdefault\u00a0\u00bb use_background_color_gradient=\u00a0\u00bbon\u00a0\u00bb background_color_gradient_start=\u00a0\u00bb#36005a\u00a0\u00bb background_color_gradient_end=\u00a0\u00bbrgba(54,0,90,0.5)\u00a0\u00bb background_color_gradient_direction=\u00a0\u00bb156deg\u00a0\u00bb background_color_gradient_start_position=\u00a0\u00bb29%\u00a0\u00bb background_color_gradient_overlays_image=\u00a0\u00bbon\u00a0\u00bb background_image=\u00a0\u00bbhttp:\/\/lucie.rain-avocat.com\/wp-content\/uploads\/2021\/07\/Marteau-Justice-1.jpg\u00a0\u00bb min_height=\u00a0\u00bb87vh\u00a0\u00bb custom_padding=\u00a0\u00bb||0px|||\u00a0\u00bb bottom_divider_style=\u00a0\u00bbslant\u00a0\u00bb bottom_divider_height=\u00a0\u00bb42px\u00a0\u00bb][et_pb_fullwidth_header title=\u00a0\u00bbDroit commercial\u00a0\u00bb button_one_text=\u00a0\u00bbPrendre un rdv t\u00e9l\u00e9phonique\u00a0\u00bb button_one_url=\u00a0\u00bbhttps:\/\/calendly.com\/lucie-rain-avocate\/15min\u00a0\u00bb _builder_version=\u00a0\u00bb4.9.7&Prime; _module_preset=\u00a0\u00bbdefault\u00a0\u00bb title_level=\u00a0\u00bbh2&Prime; title_font=\u00a0\u00bbPoppins|600|||||||\u00a0\u00bb title_text_color=\u00a0\u00bb#ffb600&Prime; title_font_size=\u00a0\u00bb55px\u00a0\u00bb content_font=\u00a0\u00bbPoppins|300|||||||\u00a0\u00bb content_font_size=\u00a0\u00bb20px\u00a0\u00bb content_line_height=\u00a0\u00bb4.3em\u00a0\u00bb subhead_font=\u00a0\u00bbPoppins||||||||\u00a0\u00bb subhead_text_color=\u00a0\u00bb#ecb011&Prime; subhead_font_size=\u00a0\u00bb31px\u00a0\u00bb background_enable_color=\u00a0\u00bboff\u00a0\u00bb background_color_gradient_direction=\u00a0\u00bb98deg\u00a0\u00bb background_enable_image=\u00a0\u00bboff\u00a0\u00bb custom_button_one=\u00a0\u00bbon\u00a0\u00bb button_one_text_size=\u00a0\u00bb15px\u00a0\u00bb button_one_bg_color=\u00a0\u00bbrgba(183,183,183,0)\u00a0\u00bb button_one_border_width=\u00a0\u00bb4px\u00a0\u00bb button_one_border_color=\u00a0\u00bb#ffb600&Prime; button_one_border_radius=\u00a0\u00bb7px\u00a0\u00bb button_one_font=\u00a0\u00bbPoppins||||||||\u00a0\u00bb button_one_custom_margin=\u00a0\u00bb0px||||false|false\u00a0\u00bb button_one_custom_margin_tablet=\u00a0\u00bb\u00a0\u00bb button_one_custom_margin_phone=\u00a0\u00bb10px||||false|false\u00a0\u00bb button_one_custom_margin_last_edited=\u00a0\u00bbon|phone\u00a0\u00bb button_one_custom_padding=\u00a0\u00bb10px||10px||true|true\u00a0\u00bb min_height=\u00a0\u00bb60vh\u00a0\u00bb custom_margin=\u00a0\u00bb||||false|false\u00a0\u00bb custom_padding=\u00a0\u00bb100px||0px||false|false\u00a0\u00bb hover_enabled=\u00a0\u00bb0&Prime; content_line_height_tablet=\u00a0\u00bb\u00a0\u00bb content_line_height_phone=\u00a0\u00bb2em\u00a0\u00bb content_line_height_last_edited=\u00a0\u00bbon|phone\u00a0\u00bb box_shadow_style_button_one=\u00a0\u00bbpreset2&Prime; sticky_enabled=\u00a0\u00bb0&Prime;]<\/p>\n<p><strong>Disponible<\/strong>, <strong>dynamique<\/strong>, <strong>r\u00e9active<\/strong> et <strong>\u00e0 l\u2019\u00e9coute<\/strong> des besoins de ses client\u00b7e\u00b7s<\/p>\n<p>[\/et_pb_fullwidth_header][\/et_pb_section][et_pb_section fb_built=\u00a0\u00bb1&Prime; _builder_version=\u00a0\u00bb4.9.3&Prime; _module_preset=\u00a0\u00bbdefault\u00a0\u00bb custom_padding=\u00a0\u00bb4px|||||\u00a0\u00bb][et_pb_row _builder_version=\u00a0\u00bb4.9.3&Prime; _module_preset=\u00a0\u00bbdefault\u00a0\u00bb custom_margin=\u00a0\u00bb38px|auto||auto||\u00a0\u00bb scroll_fade_enable=\u00a0\u00bbon\u00a0\u00bb][et_pb_column type=\u00a0\u00bb4_4&Prime; _builder_version=\u00a0\u00bb4.9.3&Prime; _module_preset=\u00a0\u00bbdefault\u00a0\u00bb][et_pb_text _builder_version=\u00a0\u00bb4.9.3&Prime; _module_preset=\u00a0\u00bbdefault\u00a0\u00bb text_font=\u00a0\u00bbPoppins||on||||||\u00a0\u00bb text_font_size=\u00a0\u00bb17px\u00a0\u00bb text_letter_spacing=\u00a0\u00bb1px\u00a0\u00bb text_orientation=\u00a0\u00bbcenter\u00a0\u00bb]<\/p>\n<p><b>Lucie RAIN assiste les entreprises dans les principaux domaines du droit commercial, en conseil comme en contentieux<\/b>, en mati\u00e8re de contrats commerciaux et de litiges issus de leur activit\u00e9 professionnelle.\u00a0<\/p>\n<p>[\/et_pb_text][et_pb_divider color=\u00a0\u00bb#FFB600&Prime; _builder_version=\u00a0\u00bb4.9.3&Prime; _module_preset=\u00a0\u00bbdefault\u00a0\u00bb width=\u00a0\u00bb36%\u00a0\u00bb module_alignment=\u00a0\u00bbcenter\u00a0\u00bb][\/et_pb_divider][\/et_pb_column][\/et_pb_row][\/et_pb_section][et_pb_section fb_built=\u00a0\u00bb1&Prime; admin_label=\u00a0\u00bbQuote Section\u00a0\u00bb _builder_version=\u00a0\u00bb4.9.3&Prime; background_enable_color=\u00a0\u00bboff\u00a0\u00bb custom_padding=\u00a0\u00bb20px|0px|58px|0px||\u00a0\u00bb top_divider_height=\u00a0\u00bb42px\u00a0\u00bb border_color_all=\u00a0\u00bbrgba(255,186,96,0.6)\u00a0\u00bb border_width_right=\u00a0\u00bb0vw\u00a0\u00bb border_color_right=\u00a0\u00bb#ecb011&Prime;][et_pb_row column_structure=\u00a0\u00bb3_5,2_5&Prime; admin_label=\u00a0\u00bbQuote Area\u00a0\u00bb _builder_version=\u00a0\u00bb3.25&Prime; animation_style=\u00a0\u00bbslide\u00a0\u00bb animation_direction=\u00a0\u00bbright\u00a0\u00bb animation_intensity_slide=\u00a0\u00bb2%\u00a0\u00bb][et_pb_column type=\u00a0\u00bb3_5&Prime; _builder_version=\u00a0\u00bb3.25&Prime; custom_padding=\u00a0\u00bb|||\u00a0\u00bb custom_padding__hover=\u00a0\u00bb|||\u00a0\u00bb][et_pb_text _builder_version=\u00a0\u00bb4.9.7&Prime; text_font=\u00a0\u00bbPoppins|300|||||||\u00a0\u00bb text_text_color=\u00a0\u00bb#36005a\u00a0\u00bb text_font_size=\u00a0\u00bb18px\u00a0\u00bb text_letter_spacing=\u00a0\u00bb1px\u00a0\u00bb header_font=\u00a0\u00bb||||||||\u00a0\u00bb max_width=\u00a0\u00bb700px\u00a0\u00bb module_alignment=\u00a0\u00bbcenter\u00a0\u00bb custom_margin=\u00a0\u00bb|||\u00a0\u00bb custom_padding=\u00a0\u00bb|||30px\u00a0\u00bb animation_style=\u00a0\u00bbflip\u00a0\u00bb animation_intensity_flip=\u00a0\u00bb5%\u00a0\u00bb animation_starting_opacity=\u00a0\u00bb100%\u00a0\u00bb hover_enabled=\u00a0\u00bb0&Prime; border_color_all=\u00a0\u00bb#313e47&Prime; border_width_left=\u00a0\u00bb10px\u00a0\u00bb border_color_left=\u00a0\u00bb#ECB011&Prime; sticky_enabled=\u00a0\u00bb0&Prime;]<\/p>\n<p>Elle fournit \u00e0 ses client\u00b7e\u00b7s une assistance personnalis\u00e9e en fonction de leur domaine de comp\u00e9tence et plus particuli\u00e8rement dans le domaine des antennes relais de t\u00e9l\u00e9phonie mobile.<\/p>\n<p>&nbsp;<\/p>\n<ul>\n<li style=\"list-style-type: none;\">\n<ul>\n<li><u><b>Conseil<\/b><\/u> : R\u00e9daction de contrats commerciaux et de partenariats, de conditions g\u00e9n\u00e9rales de vente et conditions g\u00e9n\u00e9rales d\u2019utilisation, conseil en relations commerciales.<\/li>\n<\/ul>\n<\/li>\n<li style=\"list-style-type: none;\">\n<ul>\n<li><u><b>Contentieux<\/b><\/u> : Actions en concurrence d\u00e9loyale, contentieux commerciaux, recouvrement de cr\u00e9ances.<\/li>\n<\/ul>\n<\/li>\n<\/ul>\n<p>[\/et_pb_text][et_pb_text admin_label=\u00a0\u00bbAuthor Name\u00a0\u00bb _builder_version=\u00a0\u00bb4.9.3&Prime; text_font=\u00a0\u00bbPoppins|600||on|||||\u00a0\u00bb text_text_color=\u00a0\u00bb#ECB011&Prime; text_font_size=\u00a0\u00bb20px\u00a0\u00bb text_letter_spacing=\u00a0\u00bb4px\u00a0\u00bb header_font=\u00a0\u00bb||||||||\u00a0\u00bb header_4_font=\u00a0\u00bb||||||||\u00a0\u00bb max_width=\u00a0\u00bb700px\u00a0\u00bb module_alignment=\u00a0\u00bbcenter\u00a0\u00bb animation_style=\u00a0\u00bbslide\u00a0\u00bb animation_direction=\u00a0\u00bbbottom\u00a0\u00bb animation_intensity_slide=\u00a0\u00bb10%\u00a0\u00bb animation_starting_opacity=\u00a0\u00bb100%\u00a0\u00bb]<\/p>\n<p>&#8211; Lucie Rain<\/p>\n<p>[\/et_pb_text][\/et_pb_column][et_pb_column type=\u00a0\u00bb2_5&Prime; _builder_version=\u00a0\u00bb3.25&Prime; custom_padding=\u00a0\u00bb|||\u00a0\u00bb custom_padding__hover=\u00a0\u00bb|||\u00a0\u00bb][et_pb_image src=\u00a0\u00bbhttp:\/\/lucie.rain-avocat.com\/wp-content\/uploads\/2021\/07\/pexels-andrew-neel-2312369.jpg\u00a0\u00bb alt=\u00a0\u00bbLucie Rain\u00a0\u00bb title_text=\u00a0\u00bbpexels-andrew-neel-2312369&Prime; _builder_version=\u00a0\u00bb4.9.3&Prime; _module_preset=\u00a0\u00bbdefault\u00a0\u00bb][\/et_pb_image][\/et_pb_column][\/et_pb_row][\/et_pb_section][et_pb_section fb_built=\u00a0\u00bb1&Prime; prev_background_color=\u00a0\u00bb#ffffff\u00a0\u00bb admin_label=\u00a0\u00bbRequest Appoinment Section\u00a0\u00bb _builder_version=\u00a0\u00bb4.9.3&Prime; use_background_color_gradient=\u00a0\u00bbon\u00a0\u00bb background_color_gradient_start=\u00a0\u00bb#ffb600&Prime; background_color_gradient_end=\u00a0\u00bbrgba(255,182,0,0.64)\u00a0\u00bb background_color_gradient_overlays_image=\u00a0\u00bbon\u00a0\u00bb background_image=\u00a0\u00bbhttp:\/\/lucie.rain-avocat.com\/wp-content\/uploads\/2021\/07\/Femme-justice.jpg\u00a0\u00bb custom_padding=\u00a0\u00bb163px||0px|||\u00a0\u00bb top_divider_style=\u00a0\u00bbslant\u00a0\u00bb top_divider_height=\u00a0\u00bb42px\u00a0\u00bb][et_pb_row column_structure=\u00a0\u00bb1_2,1_2&Prime; make_equal=\u00a0\u00bbon\u00a0\u00bb _builder_version=\u00a0\u00bb4.9.3&Prime; _module_preset=\u00a0\u00bbdefault\u00a0\u00bb custom_padding=\u00a0\u00bb||93px|||\u00a0\u00bb][et_pb_column type=\u00a0\u00bb1_2&Prime; _builder_version=\u00a0\u00bb4.9.3&Prime; _module_preset=\u00a0\u00bbdefault\u00a0\u00bb][et_pb_image src=\u00a0\u00bbhttp:\/\/lucie.rain-avocat.com\/wp-content\/uploads\/2021\/07\/Lucie-Rain-avocate.png\u00a0\u00bb title_text=\u00a0\u00bbLucie Rain avocate\u00a0\u00bb _builder_version=\u00a0\u00bb4.9.3&Prime; _module_preset=\u00a0\u00bbdefault\u00a0\u00bb width=\u00a0\u00bb46%\u00a0\u00bb module_alignment=\u00a0\u00bbcenter\u00a0\u00bb animation_style=\u00a0\u00bbslide\u00a0\u00bb animation_direction=\u00a0\u00bbleft\u00a0\u00bb][\/et_pb_image][\/et_pb_column][et_pb_column type=\u00a0\u00bb1_2&Prime; _builder_version=\u00a0\u00bb4.9.3&Prime; _module_preset=\u00a0\u00bbdefault\u00a0\u00bb][et_pb_button button_url=\u00a0\u00bbhttps:\/\/calendly.com\/lucie-rain-avocate\/15min\u00a0\u00bb button_text=\u00a0\u00bbPrendre rendez-vous\u00a0\u00bb button_alignment=\u00a0\u00bbcenter\u00a0\u00bb _builder_version=\u00a0\u00bb4.9.3&Prime; _module_preset=\u00a0\u00bbdefault\u00a0\u00bb custom_button=\u00a0\u00bbon\u00a0\u00bb button_text_size=\u00a0\u00bb20px\u00a0\u00bb button_text_color=\u00a0\u00bb#FFFFFF\u00a0\u00bb button_bg_color=\u00a0\u00bb#36005A\u00a0\u00bb button_border_width=\u00a0\u00bb2px\u00a0\u00bb button_border_color=\u00a0\u00bb#ECB011&Prime; button_border_radius=\u00a0\u00bb6px\u00a0\u00bb button_font=\u00a0\u00bbPoppins||||||||\u00a0\u00bb custom_margin=\u00a0\u00bb21px|||||\u00a0\u00bb animation_style=\u00a0\u00bbslide\u00a0\u00bb animation_direction=\u00a0\u00bbright\u00a0\u00bb box_shadow_style=\u00a0\u00bbpreset3&Prime;][\/et_pb_button][\/et_pb_column][\/et_pb_row][\/et_pb_section]<\/p>\n","protected":false},"excerpt":{"rendered":"<p>[et_pb_section fb_built=\u00a0\u00bb1&Prime; fullwidth=\u00a0\u00bbon\u00a0\u00bb next_background_color=\u00a0\u00bb#ffffff\u00a0\u00bb _builder_version=\u00a0\u00bb4.9.3&Prime; _module_preset=\u00a0\u00bbdefault\u00a0\u00bb use_background_color_gradient=\u00a0\u00bbon\u00a0\u00bb background_color_gradient_start=\u00a0\u00bb#36005a\u00a0\u00bb background_color_gradient_end=\u00a0\u00bbrgba(54,0,90,0.5)\u00a0\u00bb background_color_gradient_direction=\u00a0\u00bb156deg\u00a0\u00bb background_color_gradient_start_position=\u00a0\u00bb29%\u00a0\u00bb background_color_gradient_overlays_image=\u00a0\u00bbon\u00a0\u00bb background_image=\u00a0\u00bbhttp:\/\/lucie.rain-avocat.com\/wp-content\/uploads\/2021\/07\/Marteau-Justice-1.jpg\u00a0\u00bb min_height=\u00a0\u00bb87vh\u00a0\u00bb custom_padding=\u00a0\u00bb||0px|||\u00a0\u00bb bottom_divider_style=\u00a0\u00bbslant\u00a0\u00bb bottom_divider_height=\u00a0\u00bb42px\u00a0\u00bb][et_pb_fullwidth_header title=\u00a0\u00bbDroit commercial\u00a0\u00bb button_one_text=\u00a0\u00bbPrendre un rdv t\u00e9l\u00e9phonique\u00a0\u00bb button_one_url=\u00a0\u00bbhttps:\/\/calendly.com\/lucie-rain-avocate\/15min\u00a0\u00bb _builder_version=\u00a0\u00bb4.9.7&Prime; _module_preset=\u00a0\u00bbdefault\u00a0\u00bb title_level=\u00a0\u00bbh2&Prime; title_font=\u00a0\u00bbPoppins|600|||||||\u00a0\u00bb title_text_color=\u00a0\u00bb#ffb600&Prime; title_font_size=\u00a0\u00bb55px\u00a0\u00bb content_font=\u00a0\u00bbPoppins|300|||||||\u00a0\u00bb content_font_size=\u00a0\u00bb20px\u00a0\u00bb content_line_height=\u00a0\u00bb4.3em\u00a0\u00bb subhead_font=\u00a0\u00bbPoppins||||||||\u00a0\u00bb subhead_text_color=\u00a0\u00bb#ecb011&Prime; subhead_font_size=\u00a0\u00bb31px\u00a0\u00bb background_enable_color=\u00a0\u00bboff\u00a0\u00bb background_color_gradient_direction=\u00a0\u00bb98deg\u00a0\u00bb background_enable_image=\u00a0\u00bboff\u00a0\u00bb custom_button_one=\u00a0\u00bbon\u00a0\u00bb button_one_text_size=\u00a0\u00bb15px\u00a0\u00bb button_one_bg_color=\u00a0\u00bbrgba(183,183,183,0)\u00a0\u00bb button_one_border_width=\u00a0\u00bb4px\u00a0\u00bb button_one_border_color=\u00a0\u00bb#ffb600&Prime; button_one_border_radius=\u00a0\u00bb7px\u00a0\u00bb button_one_font=\u00a0\u00bbPoppins||||||||\u00a0\u00bb button_one_custom_margin=\u00a0\u00bb0px||||false|false\u00a0\u00bb button_one_custom_margin_tablet=\u00a0\u00bb\u00a0\u00bb button_one_custom_margin_phone=\u00a0\u00bb10px||||false|false\u00a0\u00bb button_one_custom_margin_last_edited=\u00a0\u00bbon|phone\u00a0\u00bb button_one_custom_padding=\u00a0\u00bb10px||10px||true|true\u00a0\u00bb min_height=\u00a0\u00bb60vh\u00a0\u00bb custom_margin=\u00a0\u00bb||||false|false\u00a0\u00bb custom_padding=\u00a0\u00bb100px||0px||false|false\u00a0\u00bb hover_enabled=\u00a0\u00bb0&Prime; [&hellip;]<\/p>\n","protected":false},"author":1,"featured_media":0,"parent":0,"menu_order":0,"comment_status":"closed","ping_status":"closed","template":"","meta":{"_et_pb_use_builder":"on","_et_pb_old_content":"","_et_gb_content_width":""},"yoast_head":"<!-- This site is optimized with the Yoast SEO plugin v17.0 - https:\/\/yoast.com\/wordpress\/plugins\/seo\/ -->\n<title>Droit commercial - Lucie Rain Avocate<\/title>\n<meta name=\"description\" content=\"Lucie Rain, avocate, conseille votre entreprise en mati\u00e8re commerciale. Elle r\u00e9dige vos contrats, g\u00e8re vos contentieux et vous assiste dans le d\u00e9roulement des \u00e9changes commerciaux.\" \/>\n<meta name=\"robots\" content=\"index, follow, max-snippet:-1, max-image-preview:large, max-video-preview:-1\" \/>\n<link rel=\"canonical\" href=\"https:\/\/lucie.rain-avocat.com\/index.php\/droit-commercial\/\" \/>\n<meta property=\"og:locale\" content=\"fr_FR\" \/>\n<meta property=\"og:type\" content=\"article\" \/>\n<meta property=\"og:title\" content=\"Droit commercial - Lucie Rain Avocate\" \/>\n<meta property=\"og:description\" content=\"Lucie Rain, avocate, conseille votre entreprise en mati\u00e8re commerciale. Elle r\u00e9dige vos contrats, g\u00e8re vos contentieux et vous assiste dans le d\u00e9roulement des \u00e9changes commerciaux.\" \/>\n<meta property=\"og:url\" content=\"https:\/\/lucie.rain-avocat.com\/index.php\/droit-commercial\/\" \/>\n<meta property=\"og:site_name\" content=\"Lucie Rain Avocate\" \/>\n<meta property=\"article:modified_time\" content=\"2024-09-27T15:41:15+00:00\" \/>\n<meta name=\"twitter:card\" content=\"summary_large_image\" \/>\n<meta name=\"twitter:label1\" content=\"Dur\u00e9e de lecture est.\" \/>\n\t<meta name=\"twitter:data1\" content=\"2 minutes\" \/>\n<script type=\"application\/ld+json\" class=\"yoast-schema-graph\">{\"@context\":\"https:\/\/schema.org\",\"@graph\":[{\"@type\":\"WebSite\",\"@id\":\"https:\/\/lucie.rain-avocat.com\/#website\",\"url\":\"https:\/\/lucie.rain-avocat.com\/\",\"name\":\"Lucie Rain Avocate\",\"description\":\"Au barreau de Paris\",\"potentialAction\":[{\"@type\":\"SearchAction\",\"target\":{\"@type\":\"EntryPoint\",\"urlTemplate\":\"https:\/\/lucie.rain-avocat.com\/?s={search_term_string}\"},\"query-input\":\"required name=search_term_string\"}],\"inLanguage\":\"fr-FR\"},{\"@type\":\"WebPage\",\"@id\":\"https:\/\/lucie.rain-avocat.com\/index.php\/droit-commercial\/#webpage\",\"url\":\"https:\/\/lucie.rain-avocat.com\/index.php\/droit-commercial\/\",\"name\":\"Droit commercial - Lucie Rain Avocate\",\"isPartOf\":{\"@id\":\"https:\/\/lucie.rain-avocat.com\/#website\"},\"datePublished\":\"2021-07-20T14:09:04+00:00\",\"dateModified\":\"2024-09-27T15:41:15+00:00\",\"description\":\"Lucie Rain, avocate, conseille votre entreprise en mati\\u00e8re commerciale. Elle r\\u00e9dige vos contrats, g\\u00e8re vos contentieux et vous assiste dans le d\\u00e9roulement des \\u00e9changes commerciaux.\",\"breadcrumb\":{\"@id\":\"https:\/\/lucie.rain-avocat.com\/index.php\/droit-commercial\/#breadcrumb\"},\"inLanguage\":\"fr-FR\",\"potentialAction\":[{\"@type\":\"ReadAction\",\"target\":[\"https:\/\/lucie.rain-avocat.com\/index.php\/droit-commercial\/\"]}]},{\"@type\":\"BreadcrumbList\",\"@id\":\"https:\/\/lucie.rain-avocat.com\/index.php\/droit-commercial\/#breadcrumb\",\"itemListElement\":[{\"@type\":\"ListItem\",\"position\":1,\"name\":\"Accueil\",\"item\":\"https:\/\/lucie.rain-avocat.com\/\"},{\"@type\":\"ListItem\",\"position\":2,\"name\":\"Droit commercial\"}]}]}<\/script>\n<!-- \/ Yoast SEO plugin. -->","yoast_head_json":{"title":"Droit commercial - Lucie Rain Avocate","description":"Lucie Rain, avocate, conseille votre entreprise en mati\u00e8re commerciale. Elle r\u00e9dige vos contrats, g\u00e8re vos contentieux et vous assiste dans le d\u00e9roulement des \u00e9changes commerciaux.","robots":{"index":"index","follow":"follow","max-snippet":"max-snippet:-1","max-image-preview":"max-image-preview:large","max-video-preview":"max-video-preview:-1"},"canonical":"https:\/\/lucie.rain-avocat.com\/index.php\/droit-commercial\/","og_locale":"fr_FR","og_type":"article","og_title":"Droit commercial - Lucie Rain Avocate","og_description":"Lucie Rain, avocate, conseille votre entreprise en mati\u00e8re commerciale. Elle r\u00e9dige vos contrats, g\u00e8re vos contentieux et vous assiste dans le d\u00e9roulement des \u00e9changes commerciaux.","og_url":"https:\/\/lucie.rain-avocat.com\/index.php\/droit-commercial\/","og_site_name":"Lucie Rain Avocate","article_modified_time":"2024-09-27T15:41:15+00:00","twitter_card":"summary_large_image","twitter_misc":{"Dur\u00e9e de lecture est.":"2 minutes"},"schema":{"@context":"https:\/\/schema.org","@graph":[{"@type":"WebSite","@id":"https:\/\/lucie.rain-avocat.com\/#website","url":"https:\/\/lucie.rain-avocat.com\/","name":"Lucie Rain Avocate","description":"Au barreau de Paris","potentialAction":[{"@type":"SearchAction","target":{"@type":"EntryPoint","urlTemplate":"https:\/\/lucie.rain-avocat.com\/?s={search_term_string}"},"query-input":"required name=search_term_string"}],"inLanguage":"fr-FR"},{"@type":"WebPage","@id":"https:\/\/lucie.rain-avocat.com\/index.php\/droit-commercial\/#webpage","url":"https:\/\/lucie.rain-avocat.com\/index.php\/droit-commercial\/","name":"Droit commercial - Lucie Rain Avocate","isPartOf":{"@id":"https:\/\/lucie.rain-avocat.com\/#website"},"datePublished":"2021-07-20T14:09:04+00:00","dateModified":"2024-09-27T15:41:15+00:00","description":"Lucie Rain, avocate, conseille votre entreprise en mati\u00e8re commerciale. Elle r\u00e9dige vos contrats, g\u00e8re vos contentieux et vous assiste dans le d\u00e9roulement des \u00e9changes commerciaux.","breadcrumb":{"@id":"https:\/\/lucie.rain-avocat.com\/index.php\/droit-commercial\/#breadcrumb"},"inLanguage":"fr-FR","potentialAction":[{"@type":"ReadAction","target":["https:\/\/lucie.rain-avocat.com\/index.php\/droit-commercial\/"]}]},{"@type":"BreadcrumbList","@id":"https:\/\/lucie.rain-avocat.com\/index.php\/droit-commercial\/#breadcrumb","itemListElement":[{"@type":"ListItem","position":1,"name":"Accueil","item":"https:\/\/lucie.rain-avocat.com\/"},{"@type":"ListItem","position":2,"name":"Droit commercial"}]}]}},"_links":{"self":[{"href":"https:\/\/lucie.rain-avocat.com\/index.php\/wp-json\/wp\/v2\/pages\/19"}],"collection":[{"href":"https:\/\/lucie.rain-avocat.com\/index.php\/wp-json\/wp\/v2\/pages"}],"about":[{"href":"https:\/\/lucie.rain-avocat.com\/index.php\/wp-json\/wp\/v2\/types\/page"}],"author":[{"embeddable":true,"href":"https:\/\/lucie.rain-avocat.com\/index.php\/wp-json\/wp\/v2\/users\/1"}],"replies":[{"embeddable":true,"href":"https:\/\/lucie.rain-avocat.com\/index.php\/wp-json\/wp\/v2\/comments?post=19"}],"version-history":[{"count":9,"href":"https:\/\/lucie.rain-avocat.com\/index.php\/wp-json\/wp\/v2\/pages\/19\/revisions"}],"predecessor-version":[{"id":181,"href":"https:\/\/lucie.rain-avocat.com\/index.php\/wp-json\/wp\/v2\/pages\/19\/revisions\/181"}],"wp:attachment":[{"href":"https:\/\/lucie.rain-avocat.com\/index.php\/wp-json\/wp\/v2\/media?parent=19"}],"curies":[{"name":"wp","href":"https:\/\/api.w.org\/{rel}","templated":true}]}}